Is 2726727 a composite number?
True
Is 345869 a prime number?
True
Is 13382459 composite?
False
Is 1518449 prime?
True
Is 34959521 prime?
True
Is 10086301 a composite number?
False
Is 6760927 a composite number?
True
Is 162250723 a prime number?
True
Is 91363 a composite number?
True
Is 17701617 a prime number?
False
Is 17897443 a composite number?
True
Is 5639813 prime?
True
Is 2490977 a composite number?
True
Is 327072379 a composite number?
False
Is 1575871 a prime number?
False
Is 7113329 composite?
True
Is 140159627 a composite number?
True
Is 1065007727 a composite number?
True
Is 52901953 composite?
True
Is 2862889 a composite number?
True
Is 3674981 prime?
False
Is 5135707 prime?
True
Is 5785207 a composite number?
False
Is 345033529 a prime number?
True
Is 289623247 prime?
True
Is 983461 a prime number?
True
Is 4366469 a composite number?
False
Is 38998517 prime?
False
Is 9763141 composite?
False
Is 45802997 a prime number?
False
Is 6912437 a composite number?
True
Is 272371453 composite?
False
Is 25105865 a composite number?
True
Is 30833479 a composite number?
True
Is 183996119 prime?
True
Is 40507579 prime?
False
Is 60767313 composite?
True
Is 12693971 composite?
True
Is 60765613 a composite number?
True
Is 1310851 composite?
False
Is 1900279 composite?
True
Is 159777197 a prime number?
True
Is 119618645 prime?
False
Is 89066561 a composite number?
False
Is 57642167 a prime number?
False
Is 876209 a composite number?
True
Is 3894239 a composite number?
False
Is 26036509 a prime number?
False
Is 12746939 prime?
True
Is 168399689 a composite number?
True
Is 200189371 a prime number?
True
Is 198820613 a prime number?
True
Is 120829307 prime?
True
Is 275189 a composite number?
True
Is 95911 a composite number?
False
Is 35509969 a prime number?
False
Is 21546863 prime?
False
Is 248447767 a prime number?
True
Is 641980483 prime?
True
Is 31124477 a prime number?
True
Is 37390913 a prime number?
False
Is 20121603 prime?
False
Is 8688671 a prime number?
True
Is 10143223 a composite number?
False
Is 50969669 prime?
True
Is 2435689 a prime number?
True
Is 418073611 a composite number?
False
Is 474765503 composite?
False
Is 66675293 composite?
False
Is 7722353 prime?
False
Is 2550127 prime?
False
Is 167174729 a prime number?
True
Is 150393487 composite?
True
Is 18568213 prime?
True
Is 1189211 a composite number?
True
Is 695999 a composite number?
False
Is 104289491 composite?
True
Is 13943719 a composite number?
True
Is 2885147 composite?
True
Is 3912319 a composite number?
False
Is 17040527 prime?
False
Is 24762385 a prime number?
False
Is 7225217 composite?
False
Is 963196301 a composite number?
False
Is 13906097 prime?
True
Is 49973249 composite?
True
Is 3452747 a composite number?
False
Is 2101622 prime?
False
Is 10351211 prime?
False
Is 796517 prime?
True
Is 534133 composite?
True
Is 513967033 composite?
False
Is 110204317 a composite number?
False
Is 1950523 prime?
False
Is 71919409 a composite number?
False
Is 1103323 composite?
True
Is 27472735 prime?
False
Is 1567679 a composite number?
False
Is 95963899 a prime number?
False
Is 21199973 a prime number?
True
Is 1557637 prime?
True
Is 123774619 prime?
False
Is 1083497 a composite number?
False
Is 82986023 a prime number?
False
Is 2395847 a prime number?
True
Is 2741729 a composite number?
False
Is 65219569 composite?
True
Is 30286183 a prime number?
False
Is 702101 composite?
False
Is 34026823 composite?
False
Is 86900459 prime?
True
Is 604223 prime?
True
Is 1495751 prime?
True
Is 238516153 a composite number?
False
Is 5001587 a composite number?
True
Is 9407569 composite?
False
Is 78583243 a prime number?
False
Is 49337923 a prime number?
False
Is 12592849 a prime number?
True
Is 105007921 prime?
False
Is 20838803 prime?
True
Is 92275207 a prime number?
True
Is 456669121 a composite number?
False
Is 211039 composite?
False
Is 29663671 prime?
True
Is 69539 composite?
False
Is 2422011 prime?
False
Is 12832507 a composite number?
False
Is 104569961 composite?
False
Is 12814601 a prime number?
True
Is 11015443 composite?
True
Is 755533 a prime number?
False
Is 8496037 a prime number?
False
Is 20438347 composite?
True
Is 5889361 a prime number?
False
Is 636533 composite?
False
Is 32321819 a composite number?
True
Is 3330991 a prime number?
False
Is 22173527 a composite number?
True
Is 275291629 prime?
True
Is 217328363 a prime number?
False
Is 5070293 a composite number?
False
Is 5902107 prime?
False
Is 425710885 a composite number?
True
Is 28745881 a composite number?
True
Is 7218949 a prime number?
False
Is 4149689 prime?
False
Is 7326565 prime?
False
Is 264211 a composite number?
False
Is 152320589 a prime number?
True
Is 29845967 a composite number?
False
Is 227959129 a composite number?
False
Is 65523751 a prime number?
True
Is 6098371 composite?
False
Is 1318963 composite?
False
Is 23247269 composite?
False
Is 14918351 a composite number?
True
Is 317765495 a composite number?
True
Is 33571961 a prime number?
False
Is 244605279 a prime number?
False
Is 10797769 a composite number?
True
Is 26245237 prime?
False
Is 138809287 composite?
False
Is 266171551 prime?
False
Is 6641785 a composite number?
True
Is 5801561 composite?
False
Is 13543831 prime?
False
Is 17045003 a composite number?
False
Is 1292927 a prime number?
True
Is 10344067 prime?
True
Is 66012539 a prime number?
True
Is 57067289 prime?
True
Is 874721 composite?
False
Is 1484911 prime?
True
Is 5632567 composite?
False
Is 5038381 a prime number?
True
Is 17034557 prime?
False
Is 35665561 prime?
False
Is 28877803 a prime number?
False
Is 25525421 composite?
False
Is 16821677 a composite number?
False
Is 46750433 composite?
False
Is 5114609 a composite number?
False
Is 4936993 prime?
True
Is 22781507 a composite number?
True
Is 175657493 a prime number?
False
Is 4082479 a prime number?
True
Is 26237 a prime number?
True
Is 177449047 a prime number?
True
Is 13384993 composite?
False
Is 1687073 prime?
False
Is 33283007 a composite number?
True
Is 4939153 a prime number?
False
Is 3190363 composite?
True
Is 2495219 prime?
False
Is 25969627 a composite number?
False
Is 165751 prime?
False
Is 760878487 prime?
False
Is 7571 a composite number?
True
Is 19484599 prime?
True
Is 5793847 prime?
True
Is 34387489 composite?
False
Is 80102999 composite?
True
Is 52007543 composite?
True
Is 53216561 prime?
False
Is 3862921 prime?
True
Is 8238359 prime?
False
Is 162209 a composite number?
False
Is 21335851 a prime number?
False
Is 15537947 a composite number?
True
Is 16075291 prime?
False
Is 5025707 prime?
False
Is 62235287 prime?
True
Is 188974351 composite?
False
Is 251219291 a composite number?
False
Is 4889173 a prime number?
True
Is 572867 prime?
True
Is 2279483 prime?
False
Is 418546615 a prime number?
False
Is 7597823 a composite number?
False
Is 2998057 composite?
True
Is 9272339 a prime number?
True
Is 17529413 a prime number?
False
Is 642739863 a prime number?
False
Is 17295731 a composite number?
False
Is 83028046 a prime number?
False
Is 15839639 prime?
False
Is 74664409 a prime number?
False
Is 508788421 a prime number?
True
Is 102555017 a prime number?
True
Is 129229795 composite?
True
Is 3342688163 composite?
False
Is 11067022 a prime number?
False
Is 75134923 composite?
False
Is 866269 a prime number?
False
Is 54241279 prime?
True
Is 18669137 composite?
False
Is 47228333 a composite number?
True
Is 11916383 composite?
False
Is 13333709 prime?
True
Is 4977823 prime?
True
Is 10861093 a prime number?
True
Is 5387509 prime?
True
Is 19668053 composite?
True
Is 2138623 a composite number?
False
Is 12636209 composite?
False
Is 38050315 a prime number?
False
Is 19037203 composite?
True
Is 9398397 a prime number?
False
Is 27182123 prime?
True
Is 22137067 prime?
True
Is 22842187 a composite number?
True
Is 212370649 a prime number?
True
Is 3088853 a prime number?
False
Is 5035222 prime?
False
Is 54151582 a composite number?
True
Is 1771937 composite?
False
Is 134446531 a composite number?
True
Is 715783 composite?
True
Is 108782183 prime?
False
Is 695579219 a composite number?
False
Is 2029949 prime?
False
Is 4055033 a composite number?
False
Is 2203151 composite?
True
Is 332443537 a composite number?
False
Is 74095919 a composite numbe